903 + 477. Let m = t + 173. Let r(b) = 9*b - 4. What is r(m)?
23
Let c(v) = -v**2 + 2*v**2 - 2*v**2 - 5*v + 2. Let t(g) = 12*g + 42. Let x be t(-4). Determine c(x).
-4
Suppose 5*h - 3 = 4*h + 3*a, 0 = -2*h - a + 13. Let c be (h/4)/((-6)/(-8)). Let l(v) = -2 - v + 0*v**2 - v**c + 0. Determine l(-3).
-8
Let a = -35 - -38. Let o(n) = 2*n**3 - 5*n + 1. Let j(b) = -3*b**3 - b**2 + 10*b - 3. Let m(f) = a*j(f) + 5*o(f). Suppose 2*x + 3*x - 15 = 0. What is m(x)?
11
Let j(n) = 3*n + 3 + 4 - n**3 + n + 2*n + 5*n**2. Let w(z) = z**3 - 7*z**2 - 7*z - 2. Let h be w(8). Give j(h).
7
Let l be (2/(-6))/(11/(-66)). Let u(o) = 86 + 78 + o**l - 157 - 2*o. Calculate u(5).
22
Suppose w - 10 - 2 = -i, -3*w = -5*i + 60. Let r(b) = -b**3 + 12*b**2 - 16. What is r(i)?
-16
Let f(p) = p**3 + 3*p**2 - 3*p + 5. Let j be (-3 + 2)*1*3. Let a = 6 + j. Suppose 6*t + 12 = a*t. Give f(t).
1
Let z(f) = -3*f**3 + f**2 - 6*f + 1. Let h(k) = -4*k**3 + 2*k**2 - 7*k + 1. Let i(q) = -4*h(q) + 5*z(q). What is i(-2)?
-15
Let a(y) be the first derivative of -y**4/4 - 5*y**3/3 - 3*y**2/2 - 5*y - 12. Let n(r) = -r**3 + 2*r**2 - 3*r + 1. Let h be n(2). Give a(h).
10
Suppose 0*h + h = 6. Let l = h + -9. Let c(w) be the first derivative of -w**4/4 - 2*w**3/3 + 2*w**2 - 13. Give c(l).
-3
Let g(b) = -11*b**3 - 14*b**2 - 2*b + 25. Let d(v) = -9*v**3 - 13*v**2 - 2*v + 22. Let o(s) = -5*d(s) + 4*g(s). Calculate o(-9).
-28
Let v be 4 + (1 - 1) + 1. Let m(l) = -11*l**3 + 146*l**2 - 20*l - 14. Let t(z) = -3*z**3 + 41*z**2 - 6*z - 5. Let d(i) = -2*m(i) + 7*t(i). What is d(v)?
-17
Let t(v) = -v**2 + 9*v + 3 - 6 - 5 + 0 - 4. Give t(6).
6
Let o(r) be the second derivative of 35*r - 23/6*r**3 - 1/2*r**2 + 0. Determine o(-1).
22
Let w(x) = 7*x**3 + x**2 + 2*x + 1. Let j be 4/10 - 43/(-5). Suppose 2*g - 5 = -j. Let q be 0 + -1 + g + 2. What is w(q)?
-7
Let s(c) = 7*c + 2. Let z be -4 + 2 + 2 + -6 - -1. Determine s(z).
-33
Let n(r) = 5*r + 2. Let y be 17/(-3) + (-5)/15. Let h = y - -2. Let j be (2 - (-4 - h))*-1. Give n(j).
-8
Let p(u) be the third derivative of -u**6/120 + u**5/60 - 5*u**4/24 - 2*u**3/3 - 18*u**2 - 6. Calculate p(-3).
47
Let y(p) = p**2 + p. Let o(d) = -d**3 + 5*d**2 - 8*d + 4. Let a be o(2). Calculate y(a).
0
Let d(x) = -19*x**3 - x**2 - 5*x + 6. Suppose r + 10 = g + g, 3*g = 3*r + 15. Let f(i) = i**3 - i + 1. Let b(n) = g*f(n) - d(n). What is b(1)?
24
Let x(w) be the first derivative of -w**2/2 + 73. Give x(5).
-5
Let q = 44 - 50. Let u(b) be the first derivative of b**2/2 + 5*b + 2. What is u(q)?
-1
Suppose -4*k = -3*k. Suppose -4*p = -i - 11, 2*p - 2*i - 10 = -k*i. Let c(r) = 9*r**p - r**3 - 4*r + 3*r**2 + 1 - 7*r**2. Determine c(3).
7
Let d(s) = s**2 - 3*s - 8. Let h be (-3 - -2) + -4 + 22. Let k = h - 12. Suppose k*y = 44 - 14. Calculate d(y).
10
Let t(c) = 8*c + 24. Let q(a) = 3*a + 8. Let i(b) = -11*q(b) + 4*t(b). Suppose -11 - 19 = -5*g. Calculate i(g).
2
Let h(f) = -f**3. Let p(y) = y + 2. Let z be p(-1). Let l(i) = 4*i**3 + i**2 + 5*i - 4. Let q(r) = z*l(r) + 5*h(r). Give q(3).
-7
Let z(s) = -2*s - 4. Let w(c) = -c + 4. Suppose 12 = 5*d + 2. Let f be w(d). Let k be 1/f - (-26)/(-4). Calculate z(k).
8
Let p = -55 + 58. Let j(t) = -t**3 - p*t**2 + 0 + 2*t + 0 - 4. Give j(-3).
-10
Let o = 15 - 11. Suppose -o*u + 5*m + 49 = 0, -6*u + m + 29 = -2*u. Let j(n) = -n**2 + 5*n + 2. What is j(u)?
-4
Let n(c) = 8*c + 1. Let r(h) = 25*h + 1. Let d(m) = 3*n(m) - r(m). Give d(-4).
6
Suppose 35 = 5*l - 0*l - z, 5*z + 19 = -l. Let t(f) = -170*f + 347*f - 4 + 3 - 7*f**2 + f**3 - 172*f. Calculate t(l).
-7
Let s(p) = 14*p**3 + 2*p**2 - 2*p + 1. Let m be s(1). Let x be (-4 - (-66)/m)*5. Let r(g) = 8*g - x*g - 5*g + 3. Give r(-6).
-3
Let f(p) = -p**3 - 3*p**2 - 3*p. Suppose -5 = -5*y + 5*l, -3*y + 4*y = -4*l + 6. Suppose 0 = -4*i + 4*b, -3*i - 8 + 16 = 5*b. Suppose i = -x - y. Give f(x).
9
Let r(k) = 73*k + 449. Let d be r(-6). Let l(u) = 5*u - 46. Determine l(d).
9
Let f(c) = -c**3 - c - 1. Let a(s) = -s**3 - 6*s**2 - 4*s - 2. Let b(r) = a(r) - 2*f(r). Let z = 34 + -28. Calculate b(z).
-12
Let n(b) = -b**2 - 6*b - 7. Suppose -4*t = -7*t. Suppose -5*g + 4*k + 7 + 88 = t, -4*g = 3*k - 45. Let c = 9 - g. Give n(c).
-7
Let t(l) be the third derivative of -1/2*l**3 + 1/8*l**4 + 0 + 5*l**2 + 0*l. Calculate t(3).
6
Let m(g) = 2*g - 1. Suppose 2*b = l + 13, -4*b = l - 5 - 6. Suppose 752 = -6*c + 740. Let a be (-3)/l - c/5. What is m(a)?
1
Let r(a) = -a + 5. Let h be r(-9). Let i(p) = p**3 - 14*p**2 + 1. Calculate i(h).
1
Let i(l) = l + l**3 + 0*l**3 - 6 - 2*l**3 + 4*l**2 + 6*l. Determine i(5).
4
Let u(g) = -1. Let f(j) = -j**3 - 4*j**2 + 3*j + 8. Let z(x) = -f(x) - 6*u(x). Determine z(-4).
10
Let i(k) = 3*k**2 + 7*k + 3. Let h(f) = -2*f**2 - 3*f - 2. Let w = -43 + 48. Let a(p) = w*h(p) + 3*i(p). Let s(n) = n**2 + 5*n + 6. Let x be s(-5). Give a(x).
-1
Let s(g) be the second derivative of -g**4/12 - 4*g**3/3 - 4*g**2 - 20*g - 2. Give s(-6).
4
Suppose 27*q - 23*q - 24 = 0. Let y(d) = 4*d - 17. Let m be y(q). Let j(g) = 8*g**2 - m*g - g**3 + 0*g + 16 - 18. Determine j(7).
-2
Let w(a) = -2 + 47*a + 1 - 91*a + 53*a. Calculate w(-3).
-28
Let s be 15/(-1 + 20/5). Let q be 0/1 - (-5)/1. Suppose -m = -0*m + q*x - 29, -s*x = -m - 21. Let l(y) = -y + 3. Determine l(m).
-1
Let k(x) = 9*x**3 - 11*x**2 - 8*x + 2. Let r(y) = -11*y**3 + 12*y**2 + 9*y - 3. Let s(o) = -6*k(o) - 5*r(o). Determine s(-5).
13
Let q(m) = -5*m**2 - 28*m + 54. Let y(c) = -32*c**2 - 169*c + 325. Let g(i) = 13*q(i) - 2*y(i). Determine g(-28).
-4
Let d(l) = -5*l + 10. Suppose -3*k - 4*f = -7, 4*k - 44*f + 40*f = 28. Determine d(k).
-15
Let h(r) = -r**2 - r + 7. Let u(n) = n**2 + 4*n + 3. Let i = -73 + 72. Let f be u(i). Give h(f).
7
Let r(c) = -c**3 - c + 20 - c + 0*c + 5*c**2 - 17. Calculate r(5).
-7
Suppose 17*z = 138 - 2. Let k(r) = r**3 - 7*r**2 - 10*r - 3. Give k(z).
-19
Let o(v) = v + 11. Let b be o(-9). Suppose l - b*r + 8 = 5*l, 5*l + 4*r - 7 = 0. Let m(g) = 5*g - 2. Let t(y) = 2*y + 1. Let p(h) = -m(h) + 2*t(h). Give p(l).
1
Let x(w) = w + 17. Suppose 6*b = 3*q + 2*b + 35, b = -1. Calculate x(q).
4
Let d(i) be the third derivative of i**6/360 + i**5/40 + i**4/4 - i**3/2 - 2*i**2 - 16. Let c(n) be the second derivative of d(n). Determine c(-5).
-7
Let g(n) = -n**3 - 6*n**2 + 5*n - 10. Let d be (1/2)/(58/(-812)). What is g(d)?
4
Suppose 3*x = -3 - 6, 2*r = x + 51. Suppose 0 = -r*d + 28*d + 16. Let i(u) = -u**2 - 4*u - 6. Calculate i(d).
-6
Let h(v) = 3*v**2 + 3*v - 5. Let u(q) = -4*q**2 - 5*q + 8. Let s(r) = -7*h(r) - 5*u(r). Let t = 69 + -64. Let j be ((-8)/6)/(t/(-15)). Give s(j).
-5
Let v(w) = 3*w - 13*w - 3*w - 2 + 11*w. Give v(-5).
8
Let p(l) = l**3 + 35*l**2 + 128*l + 120. Let r be p(-31). Let u(g) = 0*g - g**2 - 2*g - 6*g + 3. What is u(r)?
19
Let b(v) = 17*v**2. Let a be 5 + -5 + 4 + -3. Give b(a).
17
Let w(c) be the third derivative of c**6/120 + c**5/12 + c**3/3 + 3*c**2. Suppose 2*i + 6 = -2*g + 4*g, -5*i - g - 3 = 0. Let m = -6 - i. Determine w(m).
2
Let a(t) = t**3 - 4*t**2 - 6*t + 2. Suppose 3*l = -k + 10, -k + 3*l - 2 + 0 = 0. Suppose k - 9 = -r. What is a(r)?
-3
Suppose -3*q - 42 = 12. Let j = q - -14. Let v(x) = -x**2 - 3*x + 3. Calculate v(j).
-1
Let b(a) = 8*a - 42. Let u be b(6). Let v(q) = -q**3 + 3*q**2 + 19*q - 3. Calculate v(u).
3
Let r be 68/(-119) - (-432)/(-28). Let p(w) = -w**2 - 17*w - 23. Calculate p(r).
-7
Suppose 0 = -121*g + 124*g - 9. Let f(k) be the first derivative of g*k + 1/2*k**2 - 4. Determine f(-2).
1
Suppose -19*m + 32 = -6. Let r(w) = 3*w**3 - 3*w**2 + 6*w - 3. Let q(x) = -x**3 + x**2 - x. Let d(j) = -4*q(j) - r(j). What is d(m)?
3
Let c be ((-1)/4)/(4/(-80)). Suppose 4 = c*k - k. Let o(d) = -4*d**3 + d**2 - 2*d + 1. Determine o(k).
-4
Let a(c) = c**2 + 8*c + 4. Let p = -16 + 13. Let d = p - 6. Let y = -16 - d. Give a(y).
-3
Let h(l) = l**2 + 1 - 4 - 1. Suppose -4 = -d - d. Suppose -d*q + 3 = -q. What is h(q)?
5
Let u(c) be the first derivative of -1/2*c**2 - 2 - c. Let i be 1 - -1 - (-1 + 1). Give u(i).
-3
Let f(t) = 2*t**2 + 20 - 2*t**3 - 6 - 7 - 3 - 2*t - 5. Let m(i) = i**3 + 4*i**2 + i + 2. Let o be m(-4). Let v = 0 - o. What is f(v)?
-13
Suppose -r - 5*b = 11, 0*r - r - 2*b = 2. Let i = 15 - r. Let q(c) = -3 - 3 + 13*c - i*c + 5 + 6*c**2. Calculate q(1).
7
Let r be ((-183)/915)/((-2)/(-20)). L